 59 = 0, 0*t - 31 = -4*q - 3*t. List the prime factors of (685/q)/(2/4).
137
Let y be (-1 + -2 + (-5)/(-2))*-340. Suppose -10*k + 1360 = y. List the prime factors of k.
7, 17
Let h(l) = l**2 + 6*l + 6. Let g be h(-6). Suppose -49 - 107 = -g*a. What are the prime factors of a?
2, 13
Let i be 15/(6/(-2)) - -3. Let z = i - -4. Suppose g = -4*n + 21, -1 = 3*n - z*g - 3. List the prime factors of n.
2
Suppose -297*q = -304*q + 637. What are the prime factors of q?
7, 13
Suppose 9 + 11 = -2*j. Let o = 14 + j. Suppose 3*x + 2*l = l + 57, 0 = -o*l + 12. What are the prime factors of x?
2, 3
Suppose 0 = 3*w + 4*q - 802, 2*q = -3*w - 108 + 908. List the prime factors of w.
2, 7, 19
Suppose -4*b = -4*n - 20, -3*b - 2*n + 2 + 3 = 0. Suppose -7 - 8 = b*g. Let r(h) = -4*h. What are the prime factors of r(g)?
2, 5
Suppose -4*g + 109 = -1415. What are the prime factors of g?
3, 127
Let t = 385 - 346. List the prime factors of t.
3, 13
Let l(j) be the first derivative of 4*j**2 - 4/3*j**3 - 4 - 4*j + 1/2*j**4. List the prime factors of l(3).
2, 19
Suppose 0 = 6*v - 5 - 7. Let m be 1/(2*v/376). What are the prime factors of ((-4)/(-4))/2*m?
47
Let i be 4*-1*(0 - 1). Let g be 104 + 9/(27/(-6)). Suppose -i*q = -q - g. What are the prime factors of q?
2, 17
Suppose -3*t = -0*d - 4*d - 1261, 0 = -4*t - 5*d + 1671. List the prime factors of t.
419
Let l(z) = -z**3 - 10*z**2 + 4*z - 1. Let i(u) = u**3 + 10*u**2 - 4*u + 1. Let p(x) = 4*i(x) + 5*l(x). What are the prime factors of p(-11)?
2, 19
Let v(k) = -3*k + 17. Let s be v(5). Suppose -33 = -2*w + 7. Suppose -w = s*x - 4*x. What are the prime factors of x?
2, 5
Suppose -14079 = -32*p + 3137. What are the prime factors of p?
2, 269
Let b(i) = -i**3 + 20*i**2 + 25*i + 10. Let h be (35/10)/(4/24). List the prime factors of b(h).
2, 47
Suppose 3 = 4*t + v - 4, 3*t + 3*v + 6 = 0. Suppose -49 = t*c - 451. What are the prime factors of c?
2, 67
What are the prime factors of -213*(4 + -7) + 3?
2, 3, 107
Suppose -5*y + 14 + 11 = -5*g, -5*y + 16 = -2*g. Let l = 2 + y. Suppose -5*h = -l*p + 84, -p + 2*h = 4*h - 21. List the prime factors of p.
3, 7
Suppose -35*h + 45721 + 59454 = 0. What are the prime factors of h?
5, 601
Let x be (1/2)/(2/40). Suppose 2*p - 54 - x = 0. What are the prime factors of p?
2
Let b(t) = 5 + 3*t + 3*t**2 + 4*t**3 - 5*t**3 + t. Let v be b(4). Suppose v = 2*n + 4*a - a, 3*n - 15 = -3*a. What are the prime factors of n?
2, 5
Let v(k) be the second derivative of k**4/6 + 3*k**3 + 11*k**2 - 21*k. What are the prime factors of v(-12)?
2, 47
Let c = 3 - 39. Let o be c*(3 + 42/(-9)). Suppose -2*i + o = 3*i. List the prime factors of i.
2, 3
Suppose 2*a - 1021 - 1401 = -4*x, 3*x - 1844 = 4*a. What are the prime factors of x?
2, 19
Let w(s) = s**2 + 8*s + 15. Let c be w(-11). Suppose -4*n - 89 + 311 = -2*j, c = n + j. List the prime factors of n.
53
Suppose -63*l = -52*l - 44132. List the prime factors of l.
2, 17, 59
Suppose -4*a = -0*a - 2*w, 0 = 5*a - 4*w + 6. Suppose 3*u = u + 8, 73 = k + a*u. What are the prime factors of k?
5, 13
Suppose 5*a - 7560 = -0*a. Suppose -9*v + a = -v. List the prime factors of v.
3, 7
Let j(d) = -15*d - 21 + 152*d - 21 + 38. What are the prime factors of j(1)?
7, 19
Suppose 0 = 2*z + 7 + 7. Let y be -1 + -3 + 4 + 3. List the prime factors of y*z*36/(-42).
2, 3
Let l(j) = j**2 - 1. Suppose 0 = -3*w - x - 8, 4*x + 5 = -3*w - 9. List the prime factors of l(w).
3
Let g(b) = -b**2 + 6*b + 9. Let m be g(7). Suppose 0 = m*k - 5*d + 17, 5*k + d = k + 21. Suppose 5 + k = 3*c. What are the prime factors of c?
3
Suppose -5*d + 10 = 5*l, -2*l + 3*d - 24 + 8 = 0. Let o be (6 + l)/((-16)/24). List the prime factors of o + 4 - (-2 - 2).
2
Suppose -5*c - 702 = -4*p, 2*c - 3*p + 212 = -66. Let o = 256 + -51. Let z = o + c. What are the prime factors of z?
3, 7
Let z(f) = -f**3 + 8*f**2 + 3. Let m be z(8). Suppose v - 6*q + q = -m, 0 = 2*q. Let w(p) = -p + 1. What are the prime factors of w(v)?
2
Let d = 57 - 9. Suppose 18*g + 8 = 20*g. Suppose 16 = u + 2*s, 3*u - g*s = -0*s + d. List the prime factors of u.
2
Let x = -11 - -15. Let m(g) = 6*g**2 - 2*g - 5. List the prime factors of m(x).
83
Suppose -3*b + 5*b = -4, 4*i - b = -11118. Let j be (-1)/(-4 - i/696). Suppose d + 0*v - v = 45, -v - j = -4*d. What are the prime factors of d?
43
Suppose -4*w - 925 = 4*b - 7*b, -2*w = 2*b - 612. List the prime factors of b.
307
Let b(k) = -k**3 - 3*k**2 - k - 1. Suppose 75 = 5*o - 5. Let j = o - 20. List the prime factors of b(j).
19
Let v(b) = 3*b**2 - b. Let h be v(-1). Suppose q + 18 = -j, q = h*j + 70 + 17. Let k = j + 71. List the prime factors of k.
2, 5
Suppose 0 = 90*n - 87*n - 750. List the prime factors of n.
2, 5
Suppose -754 = -2*n - 5*w, 0*w + 8 = 2*w. List the prime factors of n.
367
Suppose -73*i - 5*l - 23398 = -77*i, -10 = 5*l. List the prime factors of i.
3, 1949
Let x(v) = 39*v**2 + 7*v + 6. List the prime factors of x(-2).
2, 37
What are the prime factors of (-36)/(-252) - 6816/(-14)?
487
Let s(v) be the second derivative of 2*v**3/3 + 5*v**2/2 - 23*v. List the prime factors of s(15).
5, 13
Suppose -4*k = 5*x + 59, k = -k + x - 33. Let f be 4/10 + k/(-10). List the prime factors of (f - 16)*20/(-5).
2, 7
Let b = -1071 - -2672. List the prime factors of b.
1601
Let h = 6 - 3. Let u be 345/12 - h/4. Let d = u - 10. List the prime factors of d.
2, 3
Suppose -3*m - 9 = -2*m + 4*l, -l + 27 = -2*m. Let f = -3 - m. Suppose 4*y = 3*a + f, -3*a - a = -5*y + 12. What are the prime factors of a?
2
Let k(r) = -r**3 + r**2 + 12. Let i be k(0). Let f be (-3)/i - 180/(-16). Let j = f + -5. What are the prime factors of j?
2, 3
Let f(x) = -x**2 - 12*x + 16. Let u be f(-13). Suppose 0 = -0*c - 2*c + r - 8, 5*r = u*c - 2. Let p = 12 + c. List the prime factors of p.
2, 3
Suppose 0 = -0*t + 2*t + 52. Let n = t - -61. What are the prime factors of n?
5, 7
What are the prime factors of (84/(-16) - -5) + (-31446)/(-24)?
2, 5, 131
Let t(d) = -d + 6. Suppose 5*z + 0*z + 4*f = 26, z + 2*f = 4. Let a be t(z). Suppose o - 5*o + 124 = a. What are the prime factors of o?
31
List the prime factors of (-40)/(-24)*(-4668)/(-20).
389
Let m(h) = -2*h**2 - 2*h. Let f be m(-2). Let c = f - -4. Suppose 2*i = -5*q + 30, c*q - 8 = 4*q. What are the prime factors of i?
2, 5
Let a be (-2 + -4)/((-3)/(-4)). Let o be (-1)/4 - 234/(-8). Let x = o - a. What are the prime factors of x?
37
Let w(d) = -11*d**3 + 3*d**2 - 2*d - 3. What are the prime factors of w(-3)?
3, 109
Suppose -3*b + 3*l = -2923 - 629, -5*l = b - 1208. What are the prime factors of b?
2, 3, 11
Suppose -32 = 2*x - 2*y, 0 = x + y - 5*y + 19. Let o(s) = -5 - 4*s**2 + 3*s**2 - 6*s + 0*s - 10*s. What are the prime factors of o(x)?
2, 5
Suppose 2*m - 7*m = 2*g - 7547, 4*m - 11310 = -3*g. What are the prime factors of g?
2, 7, 269
Suppose -r - 3*s + 452 = 0, -3*r - 3*s + 1199 = -175. List the prime factors of r.
461
Let m(s) be the first derivative of -s**4/2 - s**3/3 - 3*s**2/2 - 2*s - 5. What are the prime factors of m(-3)?
2, 13
Let u(g) = -g**2 + 21*g + 1785. What are the prime factors of u(0)?
3, 5, 7, 17
Let f(y) = -100*y + 1. Let d be f(1). Let m be (1 + -71)/(1 - 0). Let n = m - d. What are the prime factors of n?
29
Suppose -5*w - a = -196, 4*w - 97 = -4*a + 63. Let o = 36 + w. What are the prime factors of o?
3, 5
Let z be (-3)/(-2)*(-30)/(-5). Let f = 11 - z. What are the prime factors of f?
2
Let k be ((-967)/3)/((-1)/3). Let c = -686 + k. What are the prime factors of c?
281
Let r = 2816 - 740. What are the prime factors of r?
2, 3, 173
Suppose 7*k = -972 + 195. Let x = -66 - k. List the prime factors of x.
3, 5
Let z = 1166 + 2235. What are the prime factors of z?
19, 179
Suppose -3*r = 5*u + 9 + 27, -2*r + 14 = -3*u. Let t(j) = 2*j - 5*j + 14 - 4*j + 8*j. What are the prime factors of t(u)?
2
Let c(l) = -l**2 + 9*l - 18. Let x be c(4). Suppose 960 = 5*n - 2*h, 4*n = -x*h - 2*h + 740. What are the prime factors of n?
2, 5, 19
Let r(c) = -36*c**2 + 12*c + 32. Let x be r(-10). What are the prime factors of (-12)/(-32) - x/64?
2, 29
Suppose 5*m = m - 24. Suppose -5*q + 147 = -4*v, -2*v = 3*q - v - 78. List the prime factors of (-1155)/(-27) - m/q.
43
Suppose -9*t + 31*t - 17380 = 0. List the prime factors of t.
2, 5, 79
Suppose -6*p + 46 + 8 = 0. Sup